ed by s?
10
Suppose 0 = -z - 2*c + 47, 0 = z + z + c - 94. Calculate the remainder when 186 is divided by z.
45
Suppose -6*a = a - 11641. Suppose 4*i + 447 = -3*t + a, 3*t = 3*i + 1251. Calculate the remainder when (t/(-12))/(3/(-9)) is divided by 35.
33
Let z(m) = m + 22. Let t(w) = 2*w + 8. Calculate the remainder when z(0) is divided by t(3).
8
Suppose 0 = 90*w - 5*w - 7990. What is the remainder when 366 is divided by w?
84
Let c(l) = -l**2 - 9*l. Let u be c(-7). Suppose o - 2*n = u, 96 = 5*o + 4*n - 30. What is the remainder when o is divided by 6?
4
Let s(a) = -a**3 + 14*a**2 + 39*a - 20. What is the remainder when s(16) is divided by 20?
12
Suppose -2*w + 16 = 2*w. Suppose -t = -w - 2. Calculate the remainder when 14 is divided by t/(-30) + 42/10.
2
Suppose -4*x + n = -8, 2 = -x - n + 4. Suppose 5*q + 15 = 5*v, 5*v = 3*q + 11 + x. Calculate the remainder when 59 is divided by (-105)/14*(v + -4).
14
Let y = 301 - 32. What is the remainder when y is divided by 54?
53
Let b = 317 + -246. Calculate the remainder when 354 is divided by b.
70
Let s(v) be the first derivative of -6*v**2 + 2*v + 11. Suppose z + 4*p - 3*p - 22 = 0, -2*p + 61 = 3*z. Calculate the remainder when s(-4) is divided by z.
16
Suppose -16*y = -11*y - 280. Suppose -20 = 2*a - y. What is the remainder when 68 is divided by a?
14
Let b be (0 + 3)*60/9. Suppose -67 = -u - b. Suppose -2*c + 20 = -c + 4*z, 0 = 3*c + 5*z - 46. Calculate the remainder when u is divided by c.
11
Let h = 2 + 39. What is the remainder when 73 is divided by h?
32
What is the remainder when 192*420/54 - 2/(-3) is divided by 14?
10
Let r(o) = -4*o**2 - 14*o - 6. Let v be r(-6). Let u = 91 + v. Calculate the remainder when 120 is divided by u.
20
Let i(v) = -44*v + 1. Suppose 0 = 4*m + 5 - 1. What is the remainder when i(m) is divided by (-92)/20*(-4 - (-2 + 3))?
22
Let y = 449 - 108. Calculate the remainder when y is divided by 19.
18
Suppose 2*w + 4 + 20 = 0. Let y be 4/w + 46/(-6). Let a = y + 24. What is the remainder when 30 is divided by a?
14
Let f = -1315 + 1318. What is the remainder when 26 is divided by f?
2
Let k(g) = -4*g + 15. Let s be k(4). What is the remainder when 43 is divided by (s/(-2))/(12/96)?
3
Let m be ((-3)/(-6))/((-3)/(-582)). Suppose -3*b = 5*u - m, 0*b + 106 = 4*b + 2*u. Let n = -115 + 210. Calculate the remainder when n is divided by b.
23
Let s be (-40)/(-15) + (-2)/3. Suppose 2*x - s*g + 19 = -7*g, 29 = 3*x - 4*g. Suppose -8*k = -x*k - 125. Calculate the remainder when k is divided by 14.
11
Let l = 5290 + -5254. Calculate the remainder when 0 + 139*(2 + -1) is divided by l.
31
Suppose -52*g = -2082 + 314. Let o = -46 - -27. Let m = g + o. What is the remainder when m is divided by 9?
6
Let t(a) = -a + 15. Let f be 2/(-12)*-3*24. Let z be t(f). Suppose -d = -35 - z. Calculate the remainder when d is divided by 13.
12
Let w = -543 + 682. What is the remainder when w is divided by 35?
34
Calculate the remainder when 64 is divided by (-104)/(-6) + (-9)/27.
13
Let f be (0 + 8)*(-6)/12. What is the remainder when 131 is divided by (-4 - -5 - f/2) + 19?
21
Let i = -9 + 12. Suppose i*p - 34 = 3*v - 8*v, 3*p + 6 = 3*v. Calculate the remainder when v is divided by (15/(-10))/((-2)/4).
2
Let d(y) = 5*y. Let k be -5*((-28)/20 + 3). What is the remainder when (-1)/2 + (-148)/k is divided by d(1)?
3
Suppose 0 = -3*i + 2*n + 102, 4*n = 2*i - n - 68. Let f be (-2)/1 - (-2 - -21). Calculate the remainder when i is divided by (-6)/f + 122/14.
7
Let n(a) = 3*a - 5. What is the remainder when n(13) is divided by 5?
4
Let g be ((-12)/(-10))/((-1)/(-5)). Suppose 3*r - 6 = 0, -3*r - g = -3*b - 0. Suppose y + 6*t - 11 = 3*t, t = 2. Calculate the remainder when y is divided by b.
1
Let z = -3 - -11. Let a(g) = -g**3 - 17*g**2 - 18*g - 28. Let k be a(-16). Let s = z + k. Calculate the remainder when 33 is divided by s.
9
Let x be 18/(-12)*(8/(-6))/2. What is the remainder when 29 is divided by 0 + 3 + (2 - x)*2?
4
Suppose 11 = 4*w - 1. Let r(k) = -113*k - 224. Calculate the remainder when w is divided by r(-2).
1
Let b(v) = v**3 + 8*v**2 + 7*v + 5. Let k be 2/3 + 92/(-12). Let y be b(k). Suppose -303 = -y*q + 2*q. What is the remainder when q is divided by 34?
33
Let n(v) = -v**3 - 6*v**2 - 12. Let b be n(-5). Let t = b + 80. Calculate the remainder when t is divided by 18.
7
Let o(u) = -u**2 - 12*u + 16. Let m be o(-13). Suppose 3*p = -p + 3*q + 13, 0 = m*p + 2*q + 3. Calculate the remainder when (-15 + 17)*p/2 is divided by 1.
0
Let o = -5 + 8. Suppose -3*b + o*w - 36 = -7*b, 4*b = w + 20. Calculate the remainder when 510/15*b/4 is divided by 13.
12
Calculate the remainder when (-20 - -21)/(1/41) is divided by 8/(-28) + 214/14.
11
Suppose z + 5*o = 82 - 4, 5*z - o - 286 = 0. Let p = z + -24. Suppose h + 3*w - 66 = -57, -2*w + 66 = 4*h. Calculate the remainder when p is divided by h.
16
Suppose -2*u - 19 = -23. Suppose 142 - 84 = u*i. Calculate the remainder when i is divided by -2 - (-2 - 12/2).
5
Let s = -467 + 1231. What is the remainder when s is divided by 59?
56
Suppose f - 5*p - 9 = 0, -3*f + 3*p = -f - 46. Suppose 4*y - f - 3 = 0. Let o = 27 - y. Calculate the remainder when o is divided by 5.
4
Calculate the remainder when (297 + -33)/(-3 + 5) is divided by 40.
12
Let j(q) = -q**3 - 6*q**2 + q + 38. Calculate the remainder when j(-12) is divided by 9.
8
Suppose -2*k + 18 - 3 = 3*q, 2*k = 4*q + 50. Calculate the remainder when 162 is divided by k.
12
Let n be (-50)/(-70) + (-4)/(-14). Let o(y) = y + n - 4*y - y. Calculate the remainder when 48 is divided by o(-3).
9
Let c = 150 + -155. Let n(a) = -4*a + 48. Suppose 0 = -v - 2*v + 42. What is the remainder when n(c) is divided by v?
12
Suppose p = 3*p. Suppose p*u = -3*u. Suppose 4*j = 4*a + 11 - 99, u = -3*a - j + 58. Calculate the remainder when 37 is divided by a.
17
Let m(g) = 4*g**2 + 3*g. Let v be m(-4). Let w = 143 - 160. Let k = w + v. Calculate the remainder when k is divided by 9.
8
What is the remainder when 12*((-297)/(-18) + -1) is divided by 164?
22
Suppose -4*p + 3 = -261. Suppose -3*n = -6 - 0. Suppose 2*k = p + n. Calculate the remainder when k is divided by 18.
16
Let x(g) = 494*g - 8. Let u be x(6). Calculate the remainder when (-2)/(-13) + u/52 is divided by (-142)/(-12) - (-2)/12.
9
Let k = -483 + 531. Calculate the remainder when 381 is divided by k.
45
Suppose 6*c - 32 = 8*c. Calculate the remainder when c/4 - -6 - -25 is divided by 14.
13
Let j = -21 - -20. Calculate the remainder when 96/36*(j + 52) is divided by 69.
67
Let k(b) = -b - 4. Let y be 5*(44/(-10) - -4). Let n(w) = -2*w**3 - 5*w**2 - 2*w + 1. Calculate the remainder when k(-5) is divided by n(y).
0
Suppose 0 = -3*z - 2*f + 9 + 20, -f = 2. What is the remainder when (-84)/14 - (-38 - -1) is divided by z?
9
Suppose -12*q - 60 = -18*q. What is the remainder when 138 is divided by q?
8
Calculate the remainder when ((-88)/(-16))/((-1)/(-2)) is divided by 10.
1
Let l = -169 + 177. Let f = l - -76. Calculate the remainder when f is divided by 22.
18
Suppose 4*h + 36 = 4*i, 3*h + 54 = -h - 2*i. What is the remainder when 21 is divided by (h/(-15))/(3/30)?
5
Suppose 2*c = 10, -6*m + 31 = -2*m - 5*c. Calculate the remainder when 25 is divided by m.
11
Calculate the remainder when (-572)/12*(-27)/9 is divided by 60.
23
Suppose 0 = 557*z - 566*z + 540. Calculate the remainder when z is divided by 33.
27
Let g(i) = -25*i - 28. Calculate the remainder when g(-4) is divided by 64.
8
Calculate the remainder when 80 is divided by (-8 + 0)*(-12)/3.
16
Suppose -3*i + i - 4 = 0. Let k(w) be the third derivative of w**5/10 - w**4/24 - w**3/6 + 3*w**2 - 28*w. What is the remainder when 98 is divided by k(i)?
23
Suppose -2*n + 15 = 5*r, 0 = -4*r - 4*n + 11 + 1. What is the remainder when r is divided by 2?
1
Suppose -4*j + 776 = 768. What is the remainder when 52 is divided by j?
0
Suppose -4 = -j - 3*r + 2*r, -3*j = -3*r - 24. Suppose 4*h - j*h + 18 = 0. Suppose -3*o + 16 = o. What is the remainder when h is divided by o?
1
Suppose 5*r - 135 - 210 = 0. Suppose 3*n + 0*n - r = 0. What is the remainder when 85 is divided by n?
16
Suppose -2*z + 92 = -t - 4*t, -2*z + t = -76. Let a = z - 13. What is the remainder when 66 is divided by a?
20
Suppose -10*o + 26 = -8*o. Su